7
List the prime factors of 2108.
2, 17, 31
What are the prime factors of 3043?
17, 179
What are the prime factors of 3232?
2, 101
What are the prime factors of 26252?
2, 6563
What are the prime factors of 22104?
2, 3, 307
What are the prime factors of 1437?
3, 479
List the prime factors of 9805.
5, 37, 53
List the prime factors of 1696.
2, 53
What are the prime factors of 6130?
2, 5, 613
What are the prime factors of 7093?
41, 173
What are the prime factors of 97315?
5, 19463
What are the prime factors of 18902?
2, 13, 727
List the prime factors of 64620.
2, 3, 5, 359
List the prime factors of 7792.
2, 487
What are the prime factors of 37?
37
What are the prime factors of 6836?
2, 1709
What are the prime factors of 3110?
2, 5, 311
List the prime factors of 3663.
3, 11, 37
What are the prime factors of 8731?
8731
What are the prime factors of 625?
5
List the prime factors of 653.
653
What are the prime factors of 912?
2, 3, 19
List the prime factors of 181933.
43, 4231
What are the prime factors of 20269?
20269
List the prime factors of 614.
2, 307
List the prime factors of 1400.
2, 5, 7
What are the prime factors of 7853?
7853
What are the prime factors of 3765?
3, 5, 251
What are the prime factors of 1841?
7, 263
List the prime factors of 1201.
1201
What are the prime factors of 217?
7, 31
List the prime factors of 25223.
11, 2293
List the prime factors of 11079.
3, 1231
List the prime factors of 1524.
2, 3, 127
What are the prime factors of 313?
313
What are the prime factors of 443?
443
What are the prime factors of 42323?
42323
List the prime factors of 18353.
18353
What are the prime factors of 208?
2, 13
What are the prime factors of 23173?
23173
List the prime factors of 61056.
2, 3, 53
List the prime factors of 5490.
2, 3, 5, 61
List the prime factors of 60.
2, 3, 5
What are the prime factors of 77387?
19, 4073
What are the prime factors of 5081?
5081
List the prime factors of 1458.
2, 3
What are the prime factors of 4459?
7, 13
What are the prime factors of 1321?
1321
What are the prime factors of 38848?
2, 607
List the prime factors of 1996.
2, 499
List the prime factors of 1633.
23, 71
List the prime factors of 13587.
3, 7, 647
What are the prime factors of 2641?
19, 139
What are the prime factors of 56758?
2, 13, 37, 59
What are the prime factors of 188?
2, 47
What are the prime factors of 61294?
2, 19, 1613
What are the prime factors of 346?
2, 173
What are the prime factors of 38523?
3, 12841
What are the prime factors of 34822?
2, 23, 757
What are the prime factors of 350?
2, 5, 7
List the prime factors of 32853.
3, 47, 233
What are the prime factors of 164222?
2, 157, 523
What are the prime factors of 24795?
3, 5, 19, 29
What are the prime factors of 2286?
2, 3, 127
What are the prime factors of 9334?
2, 13, 359
List the prime factors of 3350.
2, 5, 67
List the prime factors of 849.
3, 283
What are the prime factors of 371?
7, 53
What are the prime factors of 62493?
3, 37, 563
List the prime factors of 141.
3, 47
What are the prime factors of 442?
2, 13, 17
What are the prime factors of 440?
2, 5, 11
What are the prime factors of 2882?
2, 11, 131
List the prime factors of 29331.
3, 3259
What are the prime factors of 4712?
2, 19, 31
List the prime factors of 895.
5, 179
List the prime factors of 68.
2, 17
What are the prime factors of 748?
2, 11, 17
What are the prime factors of 5351?
5351
List the prime factors of 63.
3, 7
List the prime factors of 27442.
2, 13721
List the prime factors of 82503.
3, 89, 103
List the prime factors of 1489.
1489
What are the prime factors of 136617?
3, 13, 31, 113
List the prime factors of 1135.
5, 227
List the prime factors of 48415.
5, 23, 421
List the prime factors of 547.
547
List the prime factors of 112390.
2, 5, 11239
What are the prime factors of 7320?
2, 3, 5, 61
List the prime factors of 2298.
2, 3, 383
What are the prime factors of 90085?
5, 43, 419
What are the prime factors of 76?
2, 19
List the prime factors of 16634.
2, 8317
What are the prime factors of 6104?
2, 7, 109
List the prime factors of 735.
3, 5, 7
What are the prime factors of 21039?
3, 7013
List the prime factors of 6307.
7, 17, 53
List the prime factors of 54445.
5, 10889
What are the prime factors of 14551?
14551
What are the prime factors of 17503?
23, 761
List the prime factors of 7265.
5, 1453
What are the prime factors of 7863?
3, 2621
What are the prime factors of 1064?
2, 7, 19
List the prime factors of 101418.
2, 3, 16903
What are the prime factors of 2185?
5, 19, 23
List the prime factors of 25596.
2, 3, 79
What are the prime factors of 113025?
3, 5, 11, 137
What are the prime factors of 870?
2, 3, 5, 29
What are the prime factors of 2439?
3, 271
What are the prime factors of 16705?
5, 13, 257
List the prime factors of 19964.
2, 7, 23, 31
List the prime factors of 114840.
2, 3, 5, 11, 29
What are the prime factors of 35842?
2, 17921
List the prime factors of 13092.
2, 3, 1091
List the prime factors of 3637.
3637
List the prime factors of 736.
2, 23
List the prime factors of 3156.
2, 3, 263
List the prime factors of 176180.
2, 5, 23, 383
What are the prime factors of 6389?
6389
List the prime factors of 1007.
19, 53
What are the prime factors of 4062?
2, 3, 677
What are the prime factors of 4461?
3, 1487
What are the prime factors of 8019?
3, 11
What are the prime factors of 1166?
2, 11, 53
List the prime factors of 44862.
2, 3, 7477
List the prime factors of 16557.
3, 5519
What are the prime factors of 562?
2, 281
List the prime factors of 34309.
11, 3119
List the prime factors of 29356.
2, 41, 179
What are the prime factors of 93966?
2, 3, 15661
List the prime factors of 684.
2, 3, 19
What are the prime factors of 50543?
50543
List the prime factors of 128387.
7, 18341
List the prime factors of 2093.
7, 13, 23
What are the prime factors of 2171?
13, 167
What are the prime factors of 3354?
2, 3, 13, 43
What are the prime factors of 8874?
2, 3, 17, 29
What are the prime factors of 124306?
2, 7, 13, 683
What are the prime factors of 24?
2, 3
List the prime factors of 12655.
5, 2531
What are the prime factors of 12189?
3, 17, 239
What are the prime factors of 17239?
17239
What are the prime factors of 825?
3, 5, 11
What are the prime factors of 7150?
2, 5, 11, 13
List the prime factors of 67210.
2, 5, 11, 13, 47
What are the prime factors of 6239?
17, 367
What are the prime factors of 14936?
2, 1867
What are the prime factors of 604?
2, 151
List the prime factors of 5073.
3, 19, 89
List the prime factors of 1796.
2, 449
List the prime factors of 297.
3, 11
What are the prime factors of 2775?
3, 5, 37
What are the prime factors of 296?
2, 37
What are the prime factors of 2912?
2, 7, 13
List the prime factors of 945.
3, 5, 7
What are the prime factors of 180416?
2, 2819
What are the prime factors of 25766?
2, 13, 991
List the prime factors of 182.
2, 7, 13
What are the prime factors of 555?
3, 5, 37
List the prime factors of 5851.
5851
What are the prime factors of 959?
7, 137
What are the prime factors of 8313?
3, 17, 163
What are the prime factors of 21217?
7, 433
List the prime factors of 8.
2
What are the prime factors of 2799?
3, 311
What are the prime factors of 1006?
2, 503
List the prime factors of 53361.
3, 7, 11
List the prime factors of 10726.
2, 31, 173
What are the prime factors of 1303?
1303
List the prime factors of 2631.
3, 877
What are the prime factors of 4407?
3, 13, 113
What are the prime factors of 8159?
41, 199
What are the prime factors of 5127?
3, 1709
What are the prime factors of 38408?
2, 4801
List the prime factors of 952.
2, 7, 17
What are the prime factors of 76756?
2, 31, 619
List the prime factors of 55778.
2, 167
What are the prime factors of 13061?
37, 353
List the prime factors of 549.
3, 61
What are the prime factors of 4084?
2, 1021
What are the prime factors of 201?
3, 67
What are the prime factors of 409?
409
What are the prime factors of 493?
17, 29
List the prime factors of 433.
433
List the prime factors of 3546.
2, 3, 197
List the prime factors of 61464.
2, 3, 13, 197
List the prime factors of 28234.
2, 19, 743
List the prime factors of 24350.
2, 5, 487
What are the prime factors of 13078?
2, 13, 503
What are the prime factors of 7867?
7867
What are the prime factors